{"id":2000,"date":"2017-10-19T18:49:33","date_gmt":"2017-10-19T17:49:33","guid":{"rendered":"http:\/\/www.yczn.cz\/?page_id=2000"},"modified":"2018-09-03T20:58:36","modified_gmt":"2018-09-03T19:58:36","slug":"zajimave-odkazy","status":"publish","type":"page","link":"https:\/\/www.yczn.cz\/?page_id=2000","title":{"rendered":"Zaj\u00edmav\u00e9 odkazy"},"content":{"rendered":"<h3 style=\"text-align: center;\">\u00a0 Na t\u00e9to str\u00e1nce naleznete p\u00e1r zaj\u00edmav\u00fdch odkaz\u016f na weby, kter\u00e9 souvis\u00ed s jachta\u0159skou a lodn\u00ed t\u00e9matikou.<\/h3>\n<h3 style=\"text-align: center;\"><span style=\"color: #99ccff;\"><a style=\"color: #99ccff;\" href=\"http:\/\/game.finckh.net\/indexcze.htm\" target=\"_blank\" rel=\"noopener\">http:\/\/game.finckh.net\/indexcze.htm<\/a><\/span><\/h3>\n<p style=\"text-align: center;\">Animovan\u00e1 pravidla jachtingu v\u010detn\u011b p\u0159\u00edklad\u016f \u0159e\u0161en\u00fdch situac\u00ed.<\/p>\n<hr \/>\n<h3><img loading=\"lazy\" decoding=\"async\" class=\"wp-image-2471 aligncenter\" src=\"http:\/\/www.yczn.cz\/wp-content\/uploads\/2018\/09\/JachAkademie.jpg\" alt=\"\" width=\"105\" height=\"39\" \/><\/h3>\n<h3 style=\"text-align: center;\"><span style=\"color: #99ccff;\"><a style=\"color: #99ccff;\" href=\"http:\/\/www.jacht-akademie.cz\/\" target=\"_blank\" rel=\"noopener\">www.jacht-akademie.cz<\/a><\/span><\/h3>\n<p style=\"text-align: center;\">Jachta\u0159sk\u00e1 akademie \u010cSJ<\/p>\n<hr \/>\n<h3 style=\"text-align: center;\"><img loading=\"lazy\" decoding=\"async\" class=\"wp-image-2001 aligncenter\" src=\"http:\/\/www.yczn.cz\/wp-content\/uploads\/2017\/10\/Logo_PVL-150x116.jpg\" alt=\"\" width=\"50\" height=\"39\" \/><span style=\"color: #99ccff;\"><a style=\"color: #99ccff;\" href=\"http:\/\/www.pvl.cz\/\" target=\"_blank\" rel=\"noopener noreferrer\">http:\/\/www.pvl.cz\/<\/a><\/span><\/h3>\n<p style=\"text-align: center;\">Ofici\u00e1ln\u00ed str\u00e1nky Povod\u00ed Labe, Vltavy, Oh\u0159e, Moravy a Odry. Lze p\u0159ep\u00ednat mezi jednotliv\u00fdmi povod\u00edmi a k dispozici jsou informace o stavech a pr\u016ftoc\u00edch na \u0159ek\u00e1ch, stavech hladiny a p\u0159\u00edtoc\u00edch p\u0159ehrad, kvalit\u011b vody, sr\u00e1\u017ek\u00e1ch a podobn\u011b.<\/p>\n<hr \/>\n<p><img loading=\"lazy\" decoding=\"async\" class=\"wp-image-2002 aligncenter\" src=\"http:\/\/www.yczn.cz\/wp-content\/uploads\/2017\/10\/Logo_CHMI.jpg\" alt=\"\" width=\"51\" height=\"33\" \/><\/p>\n<h3 style=\"text-align: center;\"><span style=\"color: #99ccff;\"><a style=\"color: #99ccff;\" href=\"http:\/\/portal.chmi.cz\/\" target=\"_blank\" rel=\"noopener noreferrer\">http:\/\/portal.chmi.cz\/<\/a><\/span><\/h3>\n<p style=\"text-align: center;\">Port\u00e1l \u010cesk\u00e9ho hydrometeorologick\u00e9ho institutu &#8211; aktu\u00e1ln\u00ed po\u010das\u00ed v\u010detn\u011b v\u011btru, p\u0159edpov\u011bdi kr\u00e1tkodob\u00e9 i dlouhodob\u00e9 &#8211; graficky i v \u010d\u00edslech, informace o \u010distot\u011b ovzdu\u0161\u00ed, &#8230;..<\/p>\n<hr \/>\n<p style=\"text-align: center;\"><img loading=\"lazy\" decoding=\"async\" class=\"aligncenter wp-image-2003\" src=\"http:\/\/www.yczn.cz\/wp-content\/uploads\/2017\/10\/Logo_Windguru.jpg\" alt=\"\" width=\"50\" height=\"34\" \/><\/p>\n<h3 style=\"text-align: center;\"><span style=\"color: #99ccff;\"><a style=\"color: #99ccff;\" href=\"https:\/\/www.windguru.cz\/\" target=\"_blank\" rel=\"noopener noreferrer\">https:\/\/www.windguru.cz\/<\/a><\/span><\/h3>\n<p style=\"text-align: center;\">Zn\u00e1m\u00fd server s p\u0159edpov\u011bd\u00ed pov\u011btrnostn\u00edch podm\u00ednek pro jachta\u0159e s mo\u017enost\u00ed v\u00fdb\u011bru c\u00edlov\u00e9 lokality.<\/p>\n<hr \/>\n<p style=\"text-align: center;\"><img loading=\"lazy\" decoding=\"async\" class=\"aligncenter wp-image-2004\" src=\"http:\/\/www.yczn.cz\/wp-content\/uploads\/2017\/10\/Logo_Ventusky.jpg\" alt=\"\" width=\"50\" height=\"32\" \/><\/p>\n<h3 style=\"text-align: center;\"><span style=\"color: #99ccff;\"><a style=\"color: #99ccff;\" href=\"https:\/\/www.ventusky.com\/\" target=\"_blank\" rel=\"noopener noreferrer\">https:\/\/www.ventusky.com\/<\/a><\/span><\/h3>\n<p style=\"text-align: center;\">Animovan\u00e1 mapa sv\u011bta se zobrazen\u00edm aktu\u00e1ln\u00edho stavu po\u010das\u00ed s m\u011b\u0159en\u00fdmi hodnotami s mo\u017enost\u00ed proch\u00e1zen\u00ed zp\u011bt v \u010dase. Zv\u011bt\u0161en\u00ed je mo\u017en\u00e9 a\u017e na \u00farove\u0148 &#8222;kraje&#8220;.<\/p>\n<hr \/>\n<p style=\"text-align: center;\"><img loading=\"lazy\" decoding=\"async\" class=\"size-full wp-image-2013 alignnone\" src=\"http:\/\/www.yczn.cz\/wp-content\/uploads\/2017\/10\/Logo_Sledujto.jpg\" alt=\"\" width=\"39\" height=\"46\" \/><\/p>\n<h3 style=\"text-align: center;\"><span style=\"color: #99ccff;\"><a style=\"color: #99ccff;\" href=\"http:\/\/sledujto.cz\/\" target=\"_blank\" rel=\"noopener noreferrer\">http:\/\/sledujto.cz\/<\/a><\/span><\/h3>\n<p style=\"text-align: center;\">On-line sv\u011btov\u00e1 mapa leteck\u00e9ho provozu a provozu lodn\u00ed doprany s detaily letadla nebo lod\u011b v\u010detn\u011b trasy, rychlosti a polohy. V lev\u00e9m horn\u00edm rohu lze p\u0159ep\u00ednat mezi leteckou a lodn\u00ed dopravou.<\/p>\n<hr \/>\n<p><img loading=\"lazy\" decoding=\"async\" class=\"aligncenter wp-image-2012\" src=\"http:\/\/www.yczn.cz\/wp-content\/uploads\/2017\/10\/Logo_Kreut.jpg\" alt=\"\" width=\"50\" height=\"51\" \/><\/p>\n<h3 style=\"text-align: center;\"><span style=\"color: #99ccff;\"><a style=\"color: #99ccff;\" href=\"http:\/\/www.moreplavecruda.cz\/\" target=\"_blank\" rel=\"noopener noreferrer\">http:\/\/www.moreplavecruda.cz\/<\/a><\/span><\/h3>\n<p style=\"text-align: center;\">Str\u00e1nky zn\u00e1m\u00e9ho mo\u0159eplavce a spisovatele rod\u00e1ka ze Znojma Rudolfa Krautschneidera.<\/p>\n<hr \/>\n<p style=\"text-align: center;\"><img loading=\"lazy\" decoding=\"async\" class=\"aligncenter wp-image-2005\" src=\"http:\/\/www.yczn.cz\/wp-content\/uploads\/2017\/10\/Logo_Skrzat.jpg\" alt=\"\" width=\"50\" height=\"70\" \/><\/p>\n<h3 style=\"text-align: center;\"><span style=\"color: #99ccff;\"><a style=\"color: #99ccff;\" href=\"http:\/\/www.skrzat-design.pl\/\" target=\"_blank\" rel=\"noopener noreferrer\">http:\/\/www.skrzat-design.pl\/<\/a><\/span><\/h3>\n<p style=\"text-align: center;\">\u00a0Seznam plachetnic a motorov\u00fdch \u010dlun\u016f z pera polsk\u00e9ho konstrukt\u00e9ra Andrzeje Skrzata s p\u016fvodn\u00edmi parametry, popisem a fotografiemi.<\/p>\n<hr \/>\n<p style=\"text-align: center;\"><img loading=\"lazy\" decoding=\"async\" class=\"aligncenter wp-image-2006\" src=\"http:\/\/www.yczn.cz\/wp-content\/uploads\/2017\/10\/Logo_Nautical.jpg\" alt=\"\" width=\"50\" height=\"26\" \/><\/p>\n<h3 style=\"text-align: center;\"><span style=\"color: #99ccff;\"><a style=\"color: #99ccff;\" href=\"http:\/\/nauticalchannel.com\/\" target=\"_blank\" rel=\"noopener noreferrer\">http:\/\/nauticalchannel.com\/<\/a><\/span><\/h3>\n<p style=\"text-align: center;\">Televizn\u00ed kan\u00e1l s t\u00e9matikou vodn\u00edch sport\u016f, hlavn\u011b jachtingu. Je sou\u010d\u00e1st\u00ed\u00a0v\u011bt\u0161iny provozovatel\u016f satelitn\u00edch slu\u017eeb (SkyLink).<\/p>\n<hr \/>\n<p><img loading=\"lazy\" decoding=\"async\" class=\"wp-image-2014 aligncenter\" src=\"http:\/\/www.yczn.cz\/wp-content\/uploads\/2017\/10\/Logo_Batak.jpg\" alt=\"\" width=\"50\" height=\"47\" \/><\/p>\n<h3 style=\"text-align: center;\"><span style=\"color: #99ccff;\"><a style=\"color: #99ccff;\" href=\"https:\/\/www.batacanal.cz\/\" target=\"_blank\" rel=\"noopener noreferrer\">https:\/\/www.batacanal.cz\/<\/a><\/span><\/h3>\n<p style=\"text-align: center;\">Ofici\u00e1ln\u00ed web Ba\u0165ova kan\u00e1lu. Mo\u017enost provozov\u00e1n\u00ed vlastn\u00edho nebo zap\u016fj\u010den\u00e9ho plavidla.<\/p>\n<hr \/>\n<p style=\"text-align: center;\"><img loading=\"lazy\" decoding=\"async\" class=\"aligncenter wp-image-2018\" src=\"http:\/\/www.yczn.cz\/wp-content\/uploads\/2017\/10\/Logo_AZBoat.jpg\" alt=\"\" width=\"50\" height=\"49\" srcset=\"https:\/\/www.yczn.cz\/wp-content\/uploads\/2017\/10\/Logo_AZBoat.jpg 307w, https:\/\/www.yczn.cz\/wp-content\/uploads\/2017\/10\/Logo_AZBoat-150x150.jpg 150w, https:\/\/www.yczn.cz\/wp-content\/uploads\/2017\/10\/Logo_AZBoat-300x296.jpg 300w\" sizes=\"auto, (max-width: 50px) 100vw, 50px\" \/><\/p>\n<h3 style=\"text-align: center;\"><span style=\"color: #99ccff;\"><a style=\"color: #99ccff;\" href=\"http:\/\/azboat.cz\/cs\/\" target=\"_blank\" rel=\"noopener noreferrer\">http:\/\/azboat.cz\/cs\/<\/a><\/span><\/h3>\n<p style=\"text-align: center;\">Bazar lod\u00ed v\u0161ech typ\u016f a lodn\u00edho p\u0159\u00edslu\u0161enstv\u00ed.<\/p>\n<hr \/>\n<p><img loading=\"lazy\" decoding=\"async\" class=\"aligncenter wp-image-2015\" src=\"http:\/\/www.yczn.cz\/wp-content\/uploads\/2017\/10\/Logo_Jachting_Info.jpg\" alt=\"\" width=\"50\" height=\"53\" \/><\/p>\n<h3 style=\"text-align: center;\"><span style=\"color: #99ccff;\"><a style=\"color: #99ccff;\" href=\"http:\/\/www.jachting.info\/\" target=\"_blank\" rel=\"noopener noreferrer\">http:\/\/www.jachting.info\/<\/a><\/span><\/h3>\n<hr \/>\n<p style=\"text-align: center;\"><img loading=\"lazy\" decoding=\"async\" class=\"aligncenter wp-image-2016\" src=\"http:\/\/www.yczn.cz\/wp-content\/uploads\/2017\/10\/Logo_Yachtmeni.jpg\" alt=\"\" width=\"50\" height=\"23\" srcset=\"https:\/\/www.yczn.cz\/wp-content\/uploads\/2017\/10\/Logo_Yachtmeni.jpg 579w, https:\/\/www.yczn.cz\/wp-content\/uploads\/2017\/10\/Logo_Yachtmeni-300x138.jpg 300w\" sizes=\"auto, (max-width: 50px) 100vw, 50px\" \/><\/p>\n<h3 style=\"text-align: center;\"><span style=\"color: #99ccff;\"><a style=\"color: #99ccff;\" href=\"http:\/\/www.yachtmeni.cz\/\" target=\"_blank\" rel=\"noopener noreferrer\">http:\/\/www.yachtmeni.cz\/<\/a><\/span><\/h3>\n<hr \/>\n<p style=\"text-align: center;\"><img loading=\"lazy\" decoding=\"async\" class=\"aligncenter wp-image-2017\" src=\"http:\/\/www.yczn.cz\/wp-content\/uploads\/2017\/10\/Logo_Napalubu.jpg\" alt=\"\" width=\"50\" height=\"57\" \/><\/p>\n<h3 style=\"text-align: center;\"><span style=\"color: #99ccff;\"><a style=\"color: #99ccff;\" href=\"http:\/\/www.napalubu.cz\/\" target=\"_blank\" rel=\"noopener noreferrer\">http:\/\/www.napalubu.cz\/<\/a><\/span><\/h3>\n<hr \/>\n<p>&nbsp;<\/p>\n","protected":false},"excerpt":{"rendered":"<p>\u00a0 Na t\u00e9to str\u00e1nce naleznete p\u00e1r zaj\u00edmav\u00fdch odkaz\u016f na weby, kter\u00e9 souvis\u00ed s jachta\u0159skou a lodn\u00ed t\u00e9matikou. http:\/\/game.finckh.net\/indexcze.htm Animovan\u00e1 pravidla jachtingu v\u010detn\u011b p\u0159\u00edklad\u016f \u0159e\u0161en\u00fdch situac\u00ed. www.jacht-akademie.cz Jachta\u0159sk\u00e1 akademie \u010cSJ http:\/\/www.pvl.cz\/ Ofici\u00e1ln\u00ed str\u00e1nky Povod\u00ed Labe, Vltavy, Oh\u0159e, Moravy a Odry. Lze p\u0159ep\u00ednat mezi jednotliv\u00fdmi povod\u00edmi a k dispozici jsou informace o stavech a pr\u016ftoc\u00edch na \u0159ek\u00e1ch, &hellip; <\/p>\n<p class=\"link-more\"><a href=\"https:\/\/www.yczn.cz\/?page_id=2000\" class=\"read-more\">Read More<span class=\"screen-reader-text\"> &#8222;Zaj\u00edmav\u00e9 odkazy&#8220;<\/span><\/a><\/p>\n","protected":false},"author":1,"featured_media":0,"parent":0,"menu_order":0,"comment_status":"closed","ping_status":"closed","template":"","meta":{"footnotes":""},"class_list":["post-2000","page","type-page","status-publish","hentry"],"_links":{"self":[{"href":"https:\/\/www.yczn.cz\/index.php?rest_route=\/wp\/v2\/pages\/2000","targetHints":{"allow":["GET"]}}],"collection":[{"href":"https:\/\/www.yczn.cz\/index.php?rest_route=\/wp\/v2\/pages"}],"about":[{"href":"https:\/\/www.yczn.cz\/index.php?rest_route=\/wp\/v2\/types\/page"}],"author":[{"embeddable":true,"href":"https:\/\/www.yczn.cz\/index.php?rest_route=\/wp\/v2\/users\/1"}],"replies":[{"embeddable":true,"href":"https:\/\/www.yczn.cz\/index.php?rest_route=%2Fwp%2Fv2%2Fcomments&post=2000"}],"version-history":[{"count":8,"href":"https:\/\/www.yczn.cz\/index.php?rest_route=\/wp\/v2\/pages\/2000\/revisions"}],"predecessor-version":[{"id":2472,"href":"https:\/\/www.yczn.cz\/index.php?rest_route=\/wp\/v2\/pages\/2000\/revisions\/2472"}],"wp:attachment":[{"href":"https:\/\/www.yczn.cz\/index.php?rest_route=%2Fwp%2Fv2%2Fmedia&parent=2000"}],"curies":[{"name":"wp","href":"https:\/\/api.w.org\/{rel}","templated":true}]}}