{"id":3926,"date":"2025-04-08T09:53:18","date_gmt":"2025-04-08T08:53:18","guid":{"rendered":"https:\/\/www.yczn.cz\/?page_id=3926"},"modified":"2026-04-10T10:03:07","modified_gmt":"2026-04-10T09:03:07","slug":"brigady-2025","status":"publish","type":"page","link":"https:\/\/www.yczn.cz\/?page_id=3926","title":{"rendered":"Brig\u00e1dy 2026"},"content":{"rendered":"<p>&#8211; 9. 4. 2026<\/p>\n<h3>Prvn\u00ed leto\u0161n\u00ed brig\u00e1da na Vranov\u011b &#8211; sobota 25. 4. 2026 v 9:00 na lod\u011bnici.<\/h3>\n<p>Program:<\/p>\n<ul>\n<li>Jarn\u00ed \u00faklid &#8211; list\u00ed, po\u0159\u00e1dek v lod\u011bnici a ohrad\u011b, o\u0159ez\u00e1n\u00ed k\u0159ov\u00ed a pose\u010den\u00ed tr\u00e1vy.<\/li>\n<li>Kontrola techniky &#8211; molo, pr\u00e1m, vr\u00e1tek, v\u00fdtah, &#8230;.. &#8211; p\u0159\u00edprava pro nat\u0159en\u00ed a \u00fadr\u017ebu na dal\u0161\u00ed brig\u00e1du.<\/li>\n<li>Zapojen\u00ed a odvzdu\u0161n\u011bn\u00ed vody, instalace mincovn\u00edk\u016f a oh\u0159\u00edva\u010de<\/li>\n<li>Vy\u010di\u0161t\u011bn\u00ed ledni\u010dek, kant\u00fdny, &#8230;&#8230; &#8211; p\u0159\u00edprava na sezonu<\/li>\n<li>P\u0159\u00edprava opravy podbit\u00ed st\u0159echy &#8211; zm\u011b\u0159en\u00ed, odstran\u011bn\u00ed star\u00fdch prken, &#8230;<\/li>\n<li>Kontrola \u010dlun\u016f a podvozk\u016f, oprava gum\u00e1ku<\/li>\n<li>&#8230;&#8230;&#8230;..<\/li>\n<\/ul>\n<p>Dal\u0161\u00ed se uvid\u00ed na m\u00edst\u011b. Pros\u00edm v\u0161echny, kdo se z\u00fa\u010dastn\u00ed, aby mi dali v\u011bd\u011bt nejpozd\u011bji do st\u0159edy 22. 4. a\u0165 m\u016f\u017eeme nachystat pr\u00e1ci a n\u00e1\u0159ad\u00ed.<\/p>\n<p>Kdo m\u00e1, m\u016f\u017ee vz\u00edt s sebou n\u00e1\u0159ad\u00ed na \u00faklid a pr\u00e1ci se d\u0159evem.<\/p>\n<p>D\u00edky\u00a0a\u00a0pr\u00e1ci\u00a0zdar!<\/p>\n<p>Za\u00a0VV\u00a0Tom\u00e1\u0161\u00a0Pavka<\/p>\n","protected":false},"excerpt":{"rendered":"<p>&#8211; 9. 4. 2026 Prvn\u00ed leto\u0161n\u00ed brig\u00e1da na Vranov\u011b &#8211; sobota 25. 4. 2026 v 9:00 na lod\u011bnici. Program: Jarn\u00ed \u00faklid &#8211; list\u00ed, po\u0159\u00e1dek v lod\u011bnici a ohrad\u011b, o\u0159ez\u00e1n\u00ed k\u0159ov\u00ed a pose\u010den\u00ed tr\u00e1vy. Kontrola techniky &#8211; molo, pr\u00e1m, vr\u00e1tek, v\u00fdtah, &#8230;.. &#8211; p\u0159\u00edprava pro nat\u0159en\u00ed a \u00fadr\u017ebu na dal\u0161\u00ed brig\u00e1du. Zapojen\u00ed a odvzdu\u0161n\u011bn\u00ed vody, instalace &hellip; <\/p>\n<p class=\"link-more\"><a href=\"https:\/\/www.yczn.cz\/?page_id=3926\" class=\"read-more\">Read More<span class=\"screen-reader-text\"> &#8222;Brig\u00e1dy 2026&#8220;<\/span><\/a><\/p>\n","protected":false},"author":5,"featured_media":0,"parent":0,"menu_order":0,"comment_status":"closed","ping_status":"closed","template":"","meta":{"footnotes":""},"class_list":["post-3926","page","type-page","status-publish","hentry"],"_links":{"self":[{"href":"https:\/\/www.yczn.cz\/index.php?rest_route=\/wp\/v2\/pages\/3926","targetHints":{"allow":["GET"]}}],"collection":[{"href":"https:\/\/www.yczn.cz\/index.php?rest_route=\/wp\/v2\/pages"}],"about":[{"href":"https:\/\/www.yczn.cz\/index.php?rest_route=\/wp\/v2\/types\/page"}],"author":[{"embeddable":true,"href":"https:\/\/www.yczn.cz\/index.php?rest_route=\/wp\/v2\/users\/5"}],"replies":[{"embeddable":true,"href":"https:\/\/www.yczn.cz\/index.php?rest_route=%2Fwp%2Fv2%2Fcomments&post=3926"}],"version-history":[{"count":7,"href":"https:\/\/www.yczn.cz\/index.php?rest_route=\/wp\/v2\/pages\/3926\/revisions"}],"predecessor-version":[{"id":4027,"href":"https:\/\/www.yczn.cz\/index.php?rest_route=\/wp\/v2\/pages\/3926\/revisions\/4027"}],"wp:attachment":[{"href":"https:\/\/www.yczn.cz\/index.php?rest_route=%2Fwp%2Fv2%2Fmedia&parent=3926"}],"curies":[{"name":"wp","href":"https:\/\/api.w.org\/{rel}","templated":true}]}}

Brigády 2026

<p>&#8211; 9. 4. 2026</p>
<h3>První letošní brigáda na Vranově &#8211; sobota 25. 4. 2026 v 9:00 na loděnici.</h3>
<p>Program:</p>
<ul>
<li>Jarní úklid &#8211; listí, pořádek v loděnici a ohradě, ořezání křoví a posečení trávy.</li>
<li>Kontrola techniky &#8211; molo, prám, vrátek, výtah, &#8230;.. &#8211; příprava pro natření a údržbu na další brigádu.</li>
<li>Zapojení a odvzdušnění vody, instalace mincovníků a ohřívače</li>
<li>Vyčištění ledniček, kantýny, &#8230;&#8230; &#8211; příprava na sezonu</li>
<li>Příprava opravy podbití střechy &#8211; změření, odstranění starých prken, &#8230;</li>
<li>Kontrola člunů a podvozků, oprava gumáku</li>
<li>&#8230;&#8230;&#8230;..</li>
</ul>
<p>Další se uvidí na místě. Prosím všechny, kdo se zúčastní, aby mi dali vědět nejpozději do středy 22. 4. ať můžeme nachystat práci a nářadí.</p>
<p>Kdo má, může vzít s sebou nářadí na úklid a práci se dřevem.</p>
<p>Díky a práci zdar!</p>
<p>Za VV Tomáš Pavka</p>

<p>&#8211; 9. 4. 2026 První letošní brigáda na Vranově &#8211; sobota 25. 4. 2026 v 9:00 na loděnici. Program: Jarní úklid &#8211; listí, pořádek v loděnici a ohradě, ořezání křoví a posečení trávy. Kontrola techniky &#8211; molo, prám, vrátek, výtah, &#8230;.. &#8211; příprava pro natření a údržbu na další brigádu. Zapojení a odvzdušnění vody, instalace &hellip; </p>
<p class="link-more"><a href="https://www.yczn.cz/?page_id=3926" class="read-more">Read More<span class="screen-reader-text"> &#8222;Brigády 2026&#8220;</span></a></p>
