{"id":3999,"date":"2026-02-26T11:18:02","date_gmt":"2026-02-26T10:18:02","guid":{"rendered":"https:\/\/www.yczn.cz\/?page_id=3999"},"modified":"2026-03-19T17:03:02","modified_gmt":"2026-03-19T16:03:02","slug":"valna-hromada-yczn-2026","status":"publish","type":"page","link":"https:\/\/www.yczn.cz\/?page_id=3999","title":{"rendered":"Valn\u00e1 hromada YCZN 2026"},"content":{"rendered":"<p>-19. 3. 2026<\/p>\n<p>Stru\u010dn\u00fd program VH YCZN, z.s. 2026:<\/p>\n<ul>\n<li><strong>Zah\u00e1jen\u00ed VH &#8211; T. Pavka<\/strong><\/li>\n<li><strong>Jmenov\u00e1n\u00ed a volba org\u00e1n\u016f VH<\/strong><\/li>\n<li><strong>Kontrola usnesen\u00ed 2025 &#8211; M. <em>Pivovar\u010d\u00edk<\/em> <\/strong><\/li>\n<li><strong>Hlavn\u00ed zpr\u00e1va o \u010dinnosti klubu: &#8211; T. <em>Pavka<\/em><\/strong><\/li>\n<li><strong>Zpr\u00e1va o hospoda\u0159en\u00ed za rok a schv\u00e1len\u00ed \u00fa\u010detn\u00ed uz\u00e1v\u011brky za rok 2025 a rozpo\u010det na rok 2026: &#8211; <em>M. Holub<\/em><\/strong><\/li>\n<li><strong>Zpr\u00e1va revizn\u00ed komise &#8211; J. <em>Kut\u00fd<\/em><\/strong><\/li>\n<li><strong>Rozprava a schalov\u00e1n\u00ed zm\u011bn stanov YCZN<\/strong><\/li>\n<li><strong>Volby VV a RK:\u00a0 &#8211; <em>T. pavka a volebn\u00ed komise<\/em><\/strong><\/li>\n<li><strong>Rozprava, diskuse: CTL, brig\u00e1dy, finance 2026, pr\u00e1ce na lod\u011bnici a mole, obsazen\u00ed mola,\u00a0<\/strong><\/li>\n<li><strong>Usnesen\u00ed a z\u00e1v\u011br &#8211; T. <em>Pavka<\/em><\/strong><\/li>\n<\/ul>\n<p>Pros\u00edme v\u0161echny, aby si nachystali jm\u00e9na na kandid\u00e1tn\u00ed listinu pro volbu VV a RK a dotazy, podn\u011bty a p\u0159ipom\u00ednky do rozpravy.<\/p>\n<p>D\u011bkujeme, t\u011b\u0161\u00edme se na VH na setkanou a je\u0161t\u011b jednou pros\u00edme o co nejv\u011bt\u0161\u00ed \u00fa\u010dast!<\/p>\n<p>Za VV YCZN &#8211; Tom\u00e1\u0161 Pavka<\/p>\n<hr \/>\n<p>Ahojte v\u0161ichni.<\/p>\n<p>Leto\u0161n\u00ed <strong>VH YCZN se uskute\u010dn\u00ed ve \u010dtvrtek 26. b\u0159ezna v\u00a0restauraci \u201eNa \u0161kolce\u201c. Za\u010d\u00e1tek v\u00a018:00 hodin<\/strong>.<\/p>\n<p>Proto\u017ee pot\u0159ebujeme ud\u011blat zm\u011bny ve stanov\u00e1ch, pros\u00edm v\u0161echny o \u00fa\u010dast. Pro schv\u00e1len\u00ed zm\u011bn pot\u0159ebujeme minim\u00e1ln\u011b 29 kladn\u00fdch hlas\u016f \u010dlen\u016f YCZN.<\/p>\n<p>Nejsou to \u017e\u00e1dn\u00e9 dramatick\u00e9 zm\u011bny, pouze je pot\u0159eba p\u0159ibl\u00ed\u017eit stanovy klubu sou\u010dasn\u00fdm podm\u00ednk\u00e1m a naplnit platnou legislativu.<\/p>\n<p>V &#8222;dokumentech 2026&#8220; je z\u00e1pis z VV YCZN 1_2026 a nov\u00e9 zn\u011bn\u00ed stanov (pro porovn\u00e1n\u00ed naleznete na webu sou\u010dasn\u00e9 zn\u011bn\u00ed &#8211; <a href=\"https:\/\/www.yczn.cz\/wp-content\/uploads\/2019\/09\/Stanovy-spolku-YCZN_2019_20190328.pdf\" target=\"_blank\" rel=\"noopener\">https:\/\/www.yczn.cz\/wp-content\/uploads\/2019\/09\/Stanovy-spolku-YCZN_2019_20190328.pdf<\/a>.<\/p>\n<p>\u010cerven\u011b ozna\u010den\u00e9 \u010dl\u00e1nky a formulace se vypou\u0161t\u00ed, zelen\u00e9 se p\u0159id\u00e1vaj\u00ed a mod\u0159e ozna\u010den\u00e9 odstavce obsahuj\u00ed v\u011bt\u0161inou jen zm\u011bnu formulace.<\/p>\n<p>Proto\u017ee budeme na VH volit VV a RK, pros\u00edm v\u0161echny o n\u00e1vrhy kandid\u00e1t\u016f do t\u011bchto org\u00e1n\u016f.<\/p>\n<p>Podn\u011bty, dotazy a p\u0159ipom\u00ednky pi\u0161te na <a href=\"mailto:vv@yczn.cz\">vv@yczn.cz<\/a> nebo na <a href=\"mailto:prezident@yczn.cz\">prezident@yczn.cz<\/a>.<\/p>\n<p>D\u011bkuji a t\u011b\u0161\u00edm se na hojnou \u00fa\u010dast.<\/p>\n<p>Tom\u00e1\u0161 Pavka \u2013 prezident klubu<\/p>\n","protected":false},"excerpt":{"rendered":"<p>-19. 3. 2026 Stru\u010dn\u00fd program VH YCZN, z.s. 2026: Zah\u00e1jen\u00ed VH &#8211; T. Pavka Jmenov\u00e1n\u00ed a volba org\u00e1n\u016f VH Kontrola usnesen\u00ed 2025 &#8211; M. Pivovar\u010d\u00edk Hlavn\u00ed zpr\u00e1va o \u010dinnosti klubu: &#8211; T. Pavka Zpr\u00e1va o hospoda\u0159en\u00ed za rok a schv\u00e1len\u00ed \u00fa\u010detn\u00ed uz\u00e1v\u011brky za rok 2025 a rozpo\u010det na rok 2026: &#8211; M. Holub Zpr\u00e1va revizn\u00ed &hellip; <\/p>\n<p class=\"link-more\"><a href=\"https:\/\/www.yczn.cz\/?page_id=3999\" class=\"read-more\">Read More<span class=\"screen-reader-text\"> &#8222;Valn\u00e1 hromada YCZN 2026&#8220;<\/span><\/a><\/p>\n","protected":false},"author":5,"featured_media":0,"parent":0,"menu_order":0,"comment_status":"closed","ping_status":"closed","template":"","meta":{"footnotes":""},"class_list":["post-3999","page","type-page","status-publish","hentry"],"_links":{"self":[{"href":"https:\/\/www.yczn.cz\/index.php?rest_route=\/wp\/v2\/pages\/3999","targetHints":{"allow":["GET"]}}],"collection":[{"href":"https:\/\/www.yczn.cz\/index.php?rest_route=\/wp\/v2\/pages"}],"about":[{"href":"https:\/\/www.yczn.cz\/index.php?rest_route=\/wp\/v2\/types\/page"}],"author":[{"embeddable":true,"href":"https:\/\/www.yczn.cz\/index.php?rest_route=\/wp\/v2\/users\/5"}],"replies":[{"embeddable":true,"href":"https:\/\/www.yczn.cz\/index.php?rest_route=%2Fwp%2Fv2%2Fcomments&post=3999"}],"version-history":[{"count":7,"href":"https:\/\/www.yczn.cz\/index.php?rest_route=\/wp\/v2\/pages\/3999\/revisions"}],"predecessor-version":[{"id":4018,"href":"https:\/\/www.yczn.cz\/index.php?rest_route=\/wp\/v2\/pages\/3999\/revisions\/4018"}],"wp:attachment":[{"href":"https:\/\/www.yczn.cz\/index.php?rest_route=%2Fwp%2Fv2%2Fmedia&parent=3999"}],"curies":[{"name":"wp","href":"https:\/\/api.w.org\/{rel}","templated":true}]}}

Valná hromada YCZN 2026

<p>-19. 3. 2026</p>
<p>Stručný program VH YCZN, z.s. 2026:</p>
<ul>
<li><strong>Zahájení VH &#8211; T. Pavka</strong></li>
<li><strong>Jmenování a volba orgánů VH</strong></li>
<li><strong>Kontrola usnesení 2025 &#8211; M. <em>Pivovarčík</em> </strong></li>
<li><strong>Hlavní zpráva o činnosti klubu: &#8211; T. <em>Pavka</em></strong></li>
<li><strong>Zpráva o hospodaření za rok a schválení účetní uzávěrky za rok 2025 a rozpočet na rok 2026: &#8211; <em>M. Holub</em></strong></li>
<li><strong>Zpráva revizní komise &#8211; J. <em>Kutý</em></strong></li>
<li><strong>Rozprava a schalování změn stanov YCZN</strong></li>
<li><strong>Volby VV a RK:  &#8211; <em>T. pavka a volební komise</em></strong></li>
<li><strong>Rozprava, diskuse: CTL, brigády, finance 2026, práce na loděnici a mole, obsazení mola, </strong></li>
<li><strong>Usnesení a závěr &#8211; T. <em>Pavka</em></strong></li>
</ul>
<p>Prosíme všechny, aby si nachystali jména na kandidátní listinu pro volbu VV a RK a dotazy, podněty a připomínky do rozpravy.</p>
<p>Děkujeme, těšíme se na VH na setkanou a ještě jednou prosíme o co největší účast!</p>
<p>Za VV YCZN &#8211; Tomáš Pavka</p>
<hr />
<p>Ahojte všichni.</p>
<p>Letošní <strong>VH YCZN se uskuteční ve čtvrtek 26. března v restauraci „Na školce“. Začátek v 18:00 hodin</strong>.</p>
<p>Protože potřebujeme udělat změny ve stanovách, prosím všechny o účast. Pro schválení změn potřebujeme minimálně 29 kladných hlasů členů YCZN.</p>
<p>Nejsou to žádné dramatické změny, pouze je potřeba přiblížit stanovy klubu současným podmínkám a naplnit platnou legislativu.</p>
<p>V &#8222;dokumentech 2026&#8220; je zápis z VV YCZN 1_2026 a nové znění stanov (pro porovnání naleznete na webu současné znění &#8211; <a href="https://www.yczn.cz/wp-content/uploads/2019/09/Stanovy-spolku-YCZN_2019_20190328.pdf" target="_blank" rel="noopener">https://www.yczn.cz/wp-content/uploads/2019/09/Stanovy-spolku-YCZN_2019_20190328.pdf</a>.</p>
<p>Červeně označené články a formulace se vypouští, zelené se přidávají a modře označené odstavce obsahují většinou jen změnu formulace.</p>
<p>Protože budeme na VH volit VV a RK, prosím všechny o návrhy kandidátů do těchto orgánů.</p>
<p>Podněty, dotazy a připomínky pište na <a href="mailto:vv@yczn.cz">vv@yczn.cz</a> nebo na <a href="mailto:prezident@yczn.cz">prezident@yczn.cz</a>.</p>
<p>Děkuji a těším se na hojnou účast.</p>
<p>Tomáš Pavka – prezident klubu</p>

<p>-19. 3. 2026 Stručný program VH YCZN, z.s. 2026: Zahájení VH &#8211; T. Pavka Jmenování a volba orgánů VH Kontrola usnesení 2025 &#8211; M. Pivovarčík Hlavní zpráva o činnosti klubu: &#8211; T. Pavka Zpráva o hospodaření za rok a schválení účetní uzávěrky za rok 2025 a rozpočet na rok 2026: &#8211; M. Holub Zpráva revizní &hellip; </p>
<p class="link-more"><a href="https://www.yczn.cz/?page_id=3999" class="read-more">Read More<span class="screen-reader-text"> &#8222;Valná hromada YCZN 2026&#8220;</span></a></p>
